y g(1).
1
Let z(a) = a**2 - 4*a - 13. Let k be z(9). Let u = k + -5. Let h = -13 - -23. What is the remainder when u is divided by h?
7
Let i be 2/(-1) + 148/2. Let r = i + -46. Let y = -5 + r. Calculate the remainder when y is divided by 11.
10
Let f(k) = -2*k - 6. Calculate the remainder when 30 is divided by f(-7).
6
What is the remainder when (2/5)/(1/190) is divided by 13?
11
Let g = -94 - -264. Calculate the remainder when g is divided by 57.
56
Let h = -90 - -155. What is the remainder when 42 is divided by (0 - 2) + h/5?
9
Suppose -7*j + 2*j - 2*q + 37 = 0, -4*j - 4*q + 20 = 0. Suppose -5*r + 2*r = -255. Suppose -r = -4*d - d. What is the remainder when d is divided by j?
8
Let a = 7 + -2. Suppose 0 = r - 4*o - 1, -5*o = -0*o - a. Calculate the remainder when 17 is divided by r.
2
Suppose 5*q = -3*l + 31, -3*l - 1 = -q + 2*q. Calculate the remainder when 27 is divided by q.
3
Let u = 66 + -41. Let r(b) = -b + 152. Let f be r(0). Suppose f = 3*k - 5*w, 2*w - 17 = -k + 30. Calculate the remainder when k is divided by u.
24
Let s(f) = f**3 - 16*f**2 + 15*f + 4. Let n be s(15). Suppose -2*y + 2*t + 5 = -5*y, 5*y - n*t = 21. Calculate the remainder when 1 is divided by y.
0
Let q(z) = -3*z + 6. Calculate the remainder when q(-12) is divided by 11.
9
Let h = 32 - 24. Calculate the remainder when h is divided by 4.
0
Calculate the remainder when (-1)/(-2) + (-138)/(-12) is divided by 4.
0
Suppose -5*c + 100 = -0*c - 2*o, 3*c - 49 = -o. What is the remainder when 215 is divided by c?
17
Let d(i) = 7*i - 13. Let m be d(10). Let h = m - 24. Suppose 5*y = -3*a - a + 47, -h = -3*a - 3*y. What is the remainder when 22 is divided by a?
6
Let x(d) = d**2 + 7*d - 2. Let w be x(5). Let a = 98 - w. Calculate the remainder when a is divided by 21.
19
Suppose -3*k = 4*g + 12, 7 = 5*g - 4*k - 9. Let v(m) = m**2 - 9*m + 4. Let w be v(10). Let s = g + w. What is the remainder when s is divided by 8?
6
Let f = -18 + 42. What is the remainder when 191 is divided by f?
23
Let s = 39 - 3. What is the remainder when s is divided by 13?
10
Let x(o) = -15 + 8 + 4 + 4*o**2 + 2*o. What is the remainder when x(2) is divided by -1 + -1 + 1*8?
5
Let y(n) = -n + 9. Let q be y(7). Suppose 5*m = -q*i + 206, -5*m + 48 + 166 = -2*i. What is the remainder when m is divided by 11?
9
Let m(u) = -2*u**2 - 5*u - 2. Let s be m(-3). Let w be -1*12/(s - -2). Let l(k) = 3*k - 3. Calculate the remainder when 16 is divided by l(w).
7
Let i(d) = 88*d - 6 + 6. Let y be i(-6). What is the remainder when (-2)/(-7) + y/(-14) is divided by 13?
12
Suppose 4*m + 5*m = 180. What is the remainder when 55 is divided by m?
15
Suppose 3 - 1 = a. Suppose -5*s = -0 - 5. Calculate the remainder when a is divided by s.
0
Let i be 12 + 3*(-6)/(-9). Suppose 2 = -4*h + i. What is the remainder when (2/(-1))/((-2)/8) is divided by h?
2
Suppose -3*f + 9 = -0. What is the remainder when 17 is divided by f?
2
Let k = -70 + 35. Let i be (2/5)/((-1)/k). Suppose t = -0*t + i. What is the remainder when 41 is divided by t?
13
Let f be (-4)/(-14) + 74/(-14). Suppose 17 = 3*o - 2*o. Let y = f + o. What is the remainder when 34 is divided by y?
10
Suppose -i - 3*i + 244 = 0. Calculate the remainder when i is divided by (-24)/(-1) - 4 - -1.
19
Let y = -1 - 11. What is the remainder when 11 is divided by ((-6)/8)/(3/y)?
2
Let f = -5 + 10. Suppose -x - 4 = -f*y + 4*y, -4*y - 3*x + 9 = 0. Calculate the remainder when 5 is divided by y.
2
Suppose -19*a = -732 + 200. What is the remainder when a is divided by 3?
1
Let f = -90 + 131. Let a = 0 - -20. Suppose -3*l = 15, -i + a = -2*l - 1. What is the remainder when f is divided by i?
8
Let m be 6*2/((-8)/62). Let z = -57 - m. Suppose 0 = -3*r - 2*r + 95. Calculate the remainder when z is divided by r.
17
Let v(q) = q**2 + 5*q + 27. Calculate the remainder when 79 is divided by v(-7).
38
What is the remainder when (-2)/8 + (-77)/(-4) is divided by 12*(-3)/(-6) + 1?
5
Suppose 0*u = u - 7. Let l(w) = w + 6. What is the remainder when 50 is divided by l(u)?
11
Let t = -11 + 17. What is the remainder when 42 is divided by (1 + 0)*66/t?
9
Let i(s) = 2*s - 42. Calculate the remainder when 48 is divided by i(26).
8
Let z(n) = n**2 - 2*n - 8*n + 19 - 4*n. Calculate the remainder when 22 is divided by z(13).
4
Suppose -29*d + 24*d + 240 = 0. What is the remainder when d is divided by 5?
3
Let q(i) be the first derivative of i**3/2 - i**2/2 - 2*i + 1. Let n(b) be the first derivative of q(b). Calculate the remainder when n(4) is divided by 6.
5
Let a(o) = 6 + 11*o**2 + 9 + 8*o - o**3 - 2 - 9*o. Calculate the remainder when 6 is divided by a(11).
0
Suppose -16 = -3*y - 1. Suppose -3*f = -y*f - k + 87, 0 = -3*f - 4*k + 128. Suppose -3*q - 30 = -5*q. Calculate the remainder when f is divided by q.
14
Let t(u) be the first derivative of u**3/3 - 7*u**2/2 - 7*u - 3. Calculate the remainder when 1 is divided by t(8).
0
Let r(j) be the third derivative of -j**6/120 - j**5/12 - j**4/6 - 7*j**3/6 + j**2. Let l = -79 - -116. Calculate the remainder when l is divided by r(-5).
11
Suppose -l + 0*l + 13 = 0. Let w = l + -5. What is the remainder when 2/(-7) - (-214)/14 is divided by w?
7
Calculate the remainder when 67 is divided by 13 + -3*3/3.
7
Let g(m) = 2*m - 1. Let f be g(4). Let l(n) = -n**2 + 8*n + 5. What is the remainder when 22 is divided by l(f)?
10
Let c = -136 + 205. Calculate the remainder when c is divided by 12.
9
Suppose 0 = 2*x - 3*x + 10. Let i = 16 - x. What is the remainder when 225/i + 3/(-6) is divided by 10?
7
Let b(u) = 2*u**3 + u**2 - 2*u + 3. Let m be -1 - (-1 + 2)*-3. What is the remainder when b(m) is divided by 11?
8
What is the remainder when 17 is divided by 6 - (1 - 0/4)?
2
Suppose -v + 57 = 3*j, -3*j + v + 31 + 26 = 0. What is the remainder when (-554)/(-10) + (-6)/15 is divided by j?
17
Let h(r) = 7*r**3 + 2*r**2 - 1. Suppose -8*t = -3*t - 5. Let p = t + 0. Calculate the remainder when h(p) is divided by 3.
2
Let c(n) = 4*n + 4. Let a(w) = 15*w + 1. Let u = 1 + 3. What is the remainder when a(u) is divided by c(3)?
13
Suppose 0*w + 2*u = 5*w - 19, 2*u = w - 7. Let r be (-2 + w)*-1*49. Let k = r + 75. What is the remainder when k is divided by 9?
8
Let c = 2 + 5. Suppose -w - 4*m = -9, 2*w = c*w - m - 24. What is the remainder when 7 is divided by w?
2
Suppose 0 = b - 3*l - 23, 5*b - 110 = 4*l + 5. What is the remainder when 64 is divided by b?
18
Let u be (-8)/10*35/(-14). Let t(k) = 18*k - 4. What is the remainder when 93 is divided by t(u)?
29
Let j be 3/(-2)*(-8)/3. Suppose -4*w - y + j*y = -144, 0 = 4*w + 4*y - 116. Calculate the remainder when w is divided by 17.
16
Let h = 11 + 17. Suppose -h = -4*p - 2*s, -8 = -3*p - p + 3*s. Calculate the remainder when 12 is divided by p.
2
Let f(k) = -k**3 - 7*k**2 - 8*k + 3. Let t be f(-6). Calculate the remainder when ((-72)/t)/(2/(-10)) is divided by 9.
6
Suppose -2*u + 12 = 2*u. Calculate the remainder when 9 is divided by u.
0
Suppose 19*i - 504 = 1054. What is the remainder when i is divided by 22?
16
Let x(n) = -n + 2*n - 8 - 4*n - n**3 - 5*n**2. What is the remainder when 13 is divided by x(-5)?
6
Suppose -3*y + 68 = -2*c, 4*c + 5*y = -60 - 32. Calculate the remainder when 47 is divided by ((-8)/3)/(c/126).
11
Let t(q) = 3*q**3 - q**2 + 5*q + 10. Let v(d) = -d**3 - d**2 + d. Let z(i) = -t(i) - 4*v(i). Calculate the remainder when 14 is divided by z(-6).
6
Suppose -5*s = -3 - 7. Suppose 9 = -3*o, 2*o = -s*l + 4*l - 20. Suppose -2*k - 17 = -r, 4*r + 4*k - 40 = 40. Calculate the remainder when r is divided by l.
5
Suppose -20 = 4*p, -z + 3*p + 124 = p. Suppose 3*j - 15 = z. Calculate the remainder when j is divided by 9.
7
Calculate the remainder when 53 is divided by 8 - ((-32)/(-4) + -5).
3
Let g(b) = -b + 18. What is the remainder when 47 is divided by g(8)?
7
Let l(b) be the third derivative of b**6/120 - b**5/6 + 11*b**4/24 - 2*b**3 + 6*b**2. Suppose 2 + 7 = m. What is the remainder when 15 is divided by l(m)?
3
Let s(u) = u - 7. Let c(b) = -3. Let x(f) = -5*c(f) + 2*s(f). Calculate the remainder when 26 is divided by x(3).
5
Let m be (-2)/(-4)*1*4. Suppose 0*p + 4 = m*p. Calculate the remainder when 2 is divided by p.
0
Suppose 4 - 24 = -b. Let n = 142 + -83. Calculate the remainder when n is divided by